hat is -2 - -21111022102011?
21111022102002
In base 13, what is 1777635 - 31?
1777604
In base 5, what is 1301 - 3211?
-1410
In base 4, what is -103302322000 + 20?
-103302321320
In base 16, what is 2 - -c26435?
c26437
In base 5, what is 24 + 1103300030?
1103300104
In base 3, what is 211122 - 22002101?
-21020202
In base 16, what is 2 - b290eb?
-b290e9
In base 11, what is 2003578a3 + 1?
2003578a4
In base 5, what is 203132324 + -22?
203132302
In base 8, what is 0 - 3305515?
-3305515
In base 7, what is -324066 + 12632?
-311134
In base 6, what is 5512545332 - 0?
5512545332
In base 15, what is -2362dba + -2?
-2362dbc
In base 2, what is 1110 + -11111001010101000110?
-11111001010100111000
In base 4, what is 233310 + -331212123?
-330312213
In base 11, what is 10565 + 4?
10569
In base 13, what is 2 - 887b40?
-887b3b
In base 4, what is 20 - -3200023101?
3200023121
In base 14, what is 1cbba + -2d?
1cb8b
In base 10, what is -44 - -96868?
96824
In base 13, what is -3c24 - -2b?
-3bc6
In base 3, what is 111 - 12001211122120?
-12001211122002
In base 12, what is -4 + -1227301?
-1227305
In base 6, what is 134 + 1110413?
1110551
In base 12, what is -50959 + a6?
-50873
In base 7, what is -421542233 - 3?
-421542236
In base 13, what is -37 + 48ca6?
48c6c
In base 13, what is bca6 - 2aa?
b9c9
In base 10, what is 71200434 - -2?
71200436
In base 14, what is 14d9 + 26d55?
28450
In base 11, what is -5 + 781590?
781586
In base 9, what is 2 - -108876245?
108876247
In base 4, what is 1020210213 - -210?
1020211023
In base 14, what is 22b2207 + -5?
22b2202
In base 16, what is -4c2 + -19cf8?
-1a1ba
In base 9, what is 388 + -621575?
-621176
In base 15, what is 13caae8 - -3?
13caaeb
In base 16, what is 27524c - 5?
275247
In base 16, what is 5 - -4a365b?
4a3660
In base 3, what is 1101200210102000100 + -12?
1101200210102000011
In base 8, what is -5 + -133013165?
-133013172
In base 11, what is -8 - 8736575?
-8736582
In base 15, what is -2ee0a4 + -8?
-2ee0ac
In base 14, what is 5c - -2799c?
27a1a
In base 16, what is -1db214 - -6?
-1db20e
In base 14, what is -23a637 - -12b?
-23a50a
In base 4, what is 320003330 - -1122?
320011112
In base 5, what is 231 + -11421120?
-11420334
In base 4, what is 1 - 2001311333112?
-2001311333111
In base 9, what is -3 - 668315?
-668318
In base 12, what is 269428 - 1477?
267b71
In base 10, what is 80081 + -16?
80065
In base 4, what is -320111103012 - 210?
-320111103222
In base 11, what is 20 - a1a8?
-a188
In base 15, what is -8c6c + -594?
-9311
In base 14, what is -78 - -60a4c?
609b4
In base 12, what is -350a551 + -10?
-350a561
In base 2, what is 110001 + 1010110110001000111?
1010110110001111000
In base 11, what is 40326 + -4888?
36549
In base 13, what is -4 - -24809c7?
24809c3
In base 11, what is 211 + -1289a6?
-128795
In base 13, what is 2 + -236a7?
-236a5
In base 8, what is -4 - 144272531?
-144272535
In base 16, what is -34e964 + -50?
-34e9b4
In base 14, what is add14a - -1?
add14b
In base 12, what is bb + -601a9?
-600aa
In base 9, what is -384 + 128332?
127837
In base 3, what is -100220200220201202 - -10?
-100220200220201122
In base 12, what is 45 + -66228?
-661a3
In base 10, what is 12 + 451833?
451845
In base 11, what is 16a876782 + -4?
16a876779
In base 14, what is -363b065 + -6?
-363b06b
In base 12, what is b6a44442 + -5?
b6a44439
In base 14, what is -64697 - 191?
-64848
In base 6, what is -41 + -1244101?
-1244142
In base 4, what is -101 - 1023321020002?
-1023321020103
In base 13, what is -4 - -6157489?
6157485
In base 4, what is -10020032001 - -203?
-10020031132
In base 5, what is 14 - -104014134?
104014203
In base 11, what is -3330 - 51a8?
-8528
In base 11, what is -601941aa + 3?
-601941a7
In base 4, what is 2 - 100101230010?
-100101230002
In base 6, what is 31504500 - -41?
31504541
In base 14, what is 113209 + -73?
113176
In base 5, what is 140402300 + -23?
140402222
In base 11, what is -42 - 1525196?
-1525228
In base 2, what is 100100000001001000110 - 110?
100100000001001000000
In base 8, what is 4 + -270374?
-270370
In base 7, what is -15 + 1206524?
1206506
In base 10, what is -7847794 - 0?
-7847794
In base 16, what is 1178fc + -8e?
11786e
In base 4, what is 1 - 12120211121?
-12120211120
In base 10, what is 16 + 12755700?
12755716
In base 6, what is -535340 + -5101?
-544441
In base 15, what is e841eb + 3?
e841ee
In base 16, what is ac136 + 8?
ac13e
In base 16, what is -44 + b7a?
b36
In base 13, what is 5 - -1187787?
118778c
In base 12, what is 1b985 - 87?
1b8ba
In base 11, what is -6 - 19a35253?
-19a35259
In base 11, what is 14 + -12650579?
-12650565
In base 4, what is -1102133 - 201333021?
-203101220
In base 14, what is -15d + -3b248c?
-3b260b
In base 12, what is -1178 + 201?
-b77
In base 16, what is -e2124 + -6?
-e212a
In base 2, what is 10111011001100011110 - -100101011?
10111011010001001001
In base 15, what is 7c0c2bb - -4?
7c0c2c0
In base 16, what is -b79 - e89?
-1a02
In base 11, what is 13959 - 65?
138a4
In base 8, what is 165514304 + -1?
165514303
In base 13, what is -37c21 - a?
-37c2b
In base 15, what is ca - -b7cd?
b8a8
In base 15, what is 68 + 339e8?
33a61
In base 15, what is b + -12619?
-1260d
In base 2, what is 110111011 + 10001101100111010?
10001110011110101
In base 12, what is -1789 - -7a1?
-ba8
In base 6, what is 1013144332 - 5?
1013144323
In base 14, what is 8 + -13a801?
-13a7d7
In base 15, what is -130 - 10498?
-105c8
In base 12, what is -b8a + -1a6?
-1174
In base 11, what is 1 + 862388?
862389
In base 15, what is -43c5ba + 11?
-43c5a9
In base 15, what is -8 + 1ebb8?
1ebb0
In base 13, what is 613871 - 18?
613856
In base 4, what is 23 + 11022021013?
11022021102
In base 11, what is 1 + -888158?
-888157
In base 7, what is 14 - 110414516?
-110414502
In base 4, what is -12333 - -303320?
230321
In base 2, what is -10110001011110101000101 + -110?
-10110001011110101001011
In base 15, what is 101 - c248?
-c147
In base 16, what is -497e + -3fd?
-4d7b
In base 9, what is 866003 - -1224?
867227
In base 9, what is 281778 - -470?
282358
In base 5, what is 1244104 + -304?
1243300
In base 13, what is -3634 + -11874?
-151a8
In base 8, what is -255720137 - -1?
-255720136
In base 12, what is -1059a7 - -1?
-1059a6
In base 16, what is -1c2fbe2 - 0?
-1c2fbe2
In base 7, what is 326562001 - -1?
326562002
In base 5, what is 10 - 101421040?
-101421030
In base 13, what is 1a61c98 - 5?
1a61c93
In base 6, what is -114410501 + 2?
-114410455
In base 3, what is 201022110110111 + 1122?
201022110112010
In base 14, what is -5d71 + -6264?
-c1d5
In base 15, what is 3 - 11a93ac?
-11a93a9
In base 13, what is -390 + 142159?
141a99
In base 7, what is -6 + 443314654?
443314645
In base 13, what is 35832 - 137a?
34485
In base 7, what is 23534662 + 11?
23535003
In base 10, what is -480374 - -5?
-480369
In base 11, what is 34501540 - 2?
34501539
In base 11, what is 422 + 13a44?
14366
In base 12, what is 9 + -3a96a66?
-3a96a59
In base 14, what is b12 - -101?
c13
In base 4, what is 2331 - -23310013132?
23310022123
In base 3, what is 2 + -110011010222101120?
-110011010222101111
In base 3, what is 11021020 + 1200202202?
1212000222
In base 2, what is -1 - 111000110000100011001000?
-111000110000100011001001
In base 15, what is -1960a + 3b?
-195be
In base 8, what is 170403014 + -1?
170403013
In base 9, what is -18432412 + -7?
-18432420
In base 11, what is 7153 + 82?
7225
In base 8, what is -2221 + 603712?
601471
In base 9, what is 5 + -56050417?
-56050412
In base 4, what is 3011331031 + 1?
3011331032
In base 9, what is 82255084 + -5?
82255078
In base 4, what is -3133300213 + -10?
-3133300223
In base 4, what is 3210103033130 - 13?
3210103033111
In base 3, what is 12210020100 + -2112?
12210010211
In base 3, what is -201 - 20010210022?
-20010211000
In base 13, what is -2c + -13520?
-1354c
In base 10, what is 11201784 + -3?
11201781
In base 6, what is 225122555 + 21?
225123020
In base 16, what is 3 - -1ae2aa1?
1ae2aa4
In base 12, what is -770b521 + -4?
-770b525
In base 14, what is -7 + 48db93c?
48db935
In base 12, what is 506a32 - 2?
506a30
In base 15, what is -2a + 68999?
6896e
In base 6, what is -110000 + -15?
-110015
In base 6, what is -4 - -1425314354?
1425314350
In base 11, what is 91108971 + -3?
91108969
In base 9, what is 28704143 + 22?
28704165
In base 4, what is 3 - 1301